er when o is divided by d.
13
Suppose -5*u = 1 - 56. Calculate the remainder when 17 is divided by u.
6
Let o(f) = f + 15. Let u be o(-12). Suppose 13 = j + u. Calculate the remainder when 28 is divided by j.
8
Suppose 3*n + 2*s - 21 = 3*s, 3*n - 3*s - 27 = 0. Calculate the remainder when n is divided by 4.
2
What is the remainder when 79 is divided by (-45)/2*(-12)/10?
25
Let y = 7 - 13. Suppose 0 = j - 5*b - 15, b + 0*b + 7 = j. Calculate the remainder when j is divided by (-8)/(-3) + y/9.
1
Let i(c) = -c - 2. What is the remainder when i(-4) is divided by (-16)/(-7) + 12/(-42)?
0
Suppose 2*i = m - 27, -5 = -0*i - i. Calculate the remainder when m is divided by 10.
7
Suppose 55 = -2*x + 7*x - 5*c, -16 = -2*x - c. What is the remainder when 16 is divided by x?
7
Let c(v) = -v**3 - v**2 - 2*v - 4. Suppose 0 = -0*b + 2*b. Let y(h) = h + 2. What is the remainder when c(-2) is divided by y(b)?
0
Suppose 9*c = 6*c + 6. Suppose 0 = c*j + 2*j - 68. What is the remainder when 33 is divided by j?
16
Suppose 0 = 4*y - 402 + 42. Suppose 3*o - 87 = 3*g - 6*g, 2*g = -3*o + y. Calculate the remainder when o is divided by 7.
4
Let j be ((-10)/4)/5*-14. Suppose 0 = 2*t - j*t + 80. Suppose 2*d - 3*x + 19 - 98 = 0, -2*x - 178 = -4*d. Calculate the remainder when d is divided by t.
15
Suppose -2*s - 5 = -3*s. Suppose -s*c - 2*p + 180 = 0, -6*c + p = -c - 165. Calculate the remainder when c is divided by 18.
16
Let s = 31 - 11. What is the remainder when s is divided by 11?
9
Let l = 15 - -12. Calculate the remainder when 106 is divided by l.
25
What is the remainder when 109 is divided by 2*53/8 + (-6)/(-8)?
11
Calculate the remainder when 60 is divided by (0 + (-4)/(-12))*63.
18
Let q = 29 - 5. Calculate the remainder when 45 is divided by q.
21
Suppose b + 5*s = -b + 32, -12 = -3*s. What is the remainder when b is divided by 6*(0 + 1)/3?
0
Let w = 7 - -5. Let o = 13 + 113. Suppose 2*x - o = -34. Calculate the remainder when x is divided by w.
10
Suppose -t - 3 = -4. Suppose -4*b - 19 = -3*b - 4*o, 2*o - 7 = 3*b. What is the remainder when b is divided by t?
0
Let b = -7 + 14. Let q(s) = -s**2 - 10*s + 15. Let n be q(-11). Suppose 0 = 2*w - 5*g - 32, n*g + 16 = 3*w - 46. What is the remainder when w is divided by b?
5
Let x(m) = m**2 - 3*m - 8. What is the remainder when ((-6)/9)/((-4)/174) is divided by x(6)?
9
Let h be (1/(-2))/(2/(-16)). Suppose h*f - 8*f + 92 = 0. Calculate the remainder when 91 is divided by f.
22
Suppose -3*n = -16 - 80. What is the remainder when n is divided by 18?
14
Suppose -g = g - 18. Suppose 10*x = -22*x + 544. Calculate the remainder when x is divided by g.
8
Suppose 14 = z + o, 2*z + 4*o = 5 + 21. Calculate the remainder when 193 is divided by z.
13
Let x = -15 - -68. Calculate the remainder when x is divided by 28.
25
Suppose 2*g = 3*g - 5*o + 5, 4*g - 3*o - 48 = 0. What is the remainder when (-28)/(-21)*1*33 is divided by g?
14
Let v(m) = 4*m - 21. What is the remainder when v(12) is divided by 17?
10
Suppose s + 2*s = 3. Let d = 1 + s. Suppose 0 = -0*t - d*t + 22. What is the remainder when t is divided by 6?
5
What is the remainder when 25 is divided by (-2 - -20)*(-4)/(-8)?
7
Suppose -9*h + 4*h + 35 = 0. What is the remainder when 25 is divided by h?
4
Let f = -18 - -42. What is the remainder when f is divided by 13?
11
Suppose 2*g = -5*u + 5, 3*u - 16 = -4*g - u. Let m(d) = d**2 + 7*d + 2. Let i be m(-5). Let y = 11 + i. What is the remainder when g is divided by y?
2
Let n = -1 - -7. Calculate the remainder when n is divided by 2.
0
Suppose 2*i - 4*m = 10, -5*i + 26 = -2*m - 39. Calculate the remainder when 58 is divided by i.
13
Suppose -5*s + 82 = -2*o - 2*o, -40 = -2*s - 2*o. Suppose i + 98 = -5*j, -5*i - 30 = j + j. Let v = j - -30. What is the remainder when s is divided by v?
8
Suppose 3*l + 3*y - 21 = 0, 0*y - 9 = -l - 2*y. Suppose 4*z + z - 60 = 0. Calculate the remainder when z is divided by l.
2
Let l(j) = -7*j + 115. Suppose 2*p = -2*p + 12. Calculate the remainder when l(15) is divided by (2/2)/(1/p).
1
Let x(a) = -a**2 + a + 19. What is the remainder when x(0) is divided by (0 - (4 + 3))*-1?
5
Suppose 2*p = 21 + 61. Suppose k + p = o + 17, -12 = -o - 5*k. Calculate the remainder when o is divided by 12.
10
Let m = 19 + -11. What is the remainder when 37 is divided by m?
5
What is the remainder when 10 is divided by (-5)/20 - 13/(-4)?
1
What is the remainder when 21 is divided by (-63)/(-5) - (-2)/5?
8
Let s = -2 + 4. Let g(r) = 9*r + 2 - r**2 + 2*r**s + 11. Calculate the remainder when g(-9) is divided by 7.
6
Let c = -107 + 75. Let d = -45 + 94. Let q = c + d. What is the remainder when 32 is divided by q?
15
Suppose -b - 3*m + 23 = 8, 0 = -b - 5*m + 11. Let g(s) = s**2 - 6*s - 3. Let n be g(7). Suppose 0*p - n*p = -44. Calculate the remainder when b is divided by p.
10
Let q(o) = -o**3 + 5*o**2 + 8*o - 2. Let p = 0 + -5. Let m = p - -11. Calculate the remainder when 29 is divided by q(m).
9
Let o(c) be the second derivative of c**4/12 + 4*c**3/3 + 6*c**2 - 2*c. Let p be o(-10). Suppose -2*z - p = -3*z. What is the remainder when z is divided by 11?
10
Suppose 0 = z - 6*z + 20. Suppose -4 = -0*u - 3*u - z*s, u = -5*s - 17. Let v(b) = -b**3 + 9*b**2 - 5*b + 8. What is the remainder when v(u) is divided by 11?
10
Suppose 2*j - 27 = 33. What is the remainder when j is divided by 8?
6
Let m(y) = -4*y**3 + 3*y**2 + 2*y - 1. Calculate the remainder when m(-3) is divided by 33.
29
Let r(p) = 5*p + 7. Let m(s) = 3*s**2. What is the remainder when r(8) is divided by m(-2)?
11
Let g(p) = p**2 - 2*p - 3. Let h(r) = -6*r + 13. Let n(l) = -7*l + 14. Let x(j) = -4*h(j) + 3*n(j). Calculate the remainder when g(-5) is divided by x(7).
10
Let b = -19 - -21. Suppose -10 - 14 = -b*w. Calculate the remainder when 22 is divided by w.
10
Let s(c) = c**2 - 11*c - 5. Let l be s(12). Let r = -2 + l. Suppose 0 = r*x - 5. Calculate the remainder when 3 is divided by x.
0
Let k(v) = v**2 + 14*v + 19. What is the remainder when 21 is divided by k(-13)?
3
Suppose 3*u + 2*y + y - 318 = 0, 0 = -4*y - 16. What is the remainder when u is divided by 28?
26
Suppose b + 4*y + 28 = 2*b, -12 = b + 4*y. What is the remainder when 53 is divided by b?
5
Let w = 80 - 78. What is the remainder when 11 is divided by w?
1
Let q(w) = w**3 - 2*w**2 + 3*w - 2. Suppose 3*y - 5 = y + j, 2*j + 2 = 0. Let p(m) = 2*m - 2. Let n be p(y). Calculate the remainder when 7 is divided by q(n).
3
Suppose 0 = -f - 0*f + 5. Let u = -11 + 23. What is the remainder when u is divided by f?
2
Let b(w) = w**2 + 5 - 2*w**2 + 0*w - 2*w. Let q be b(-5). What is the remainder when 1 is divided by q/(-15) + 1/3?
0
Suppose 4*o - 206 = 5*h, 0 = 5*o + 2*h - 218 - 23. What is the remainder when o is divided by 17?
15
Let t be 1/(-1)*(0 + 0). Suppose 3*j - 234 = -t*j. What is the remainder when j is divided by 20?
18
Let f be (-14)/(-56)*4/1. Let m = f - -11. What is the remainder when m is divided by 5?
2
Suppose 2*h - 90 = 150. Suppose -7*m = -3*m - h. Calculate the remainder when m is divided by 11.
8
Let w = 26 + 5. Suppose 5*u - 41 = -3*r, 2*r + 5*u + 0*u - 24 = 0. Let l = r - 1. What is the remainder when w is divided by l?
15
Suppose 4*d - 2*v - 63 = d, 84 = 4*d + 4*v. Let g = d + -19. Suppose -s - 2 = -3*s. What is the remainder when g is divided by s?
0
Let r(j) = -j**3 - 6*j**2 - 6*j - 3. Let s(v) = v**3 - 5*v**2 - 6. Let b be s(5). What is the remainder when r(b) is divided by (20/50)/(2/85)?
16
Let r(p) = 2*p - 11. What is the remainder when r(11) is divided by 7?
4
Suppose -3*z - j + 2*j = -52, -5*j = 20. Let i = 23 - z. What is the remainder when i is divided by 5?
2
Suppose -2*m - 2*m = 0. Suppose i + m*i = 21. Suppose 39 = 3*w + 6. Calculate the remainder when i is divided by w.
10
Let c = -22 + 70. What is the remainder when c is divided by 26?
22
Let z = -22 - -10. Let b = z - -40. What is the remainder when b is divided by 15?
13
Suppose -211 = -3*x - f, -29 = 4*x - f - 308. Suppose 3*t = 5*p - x, 0 = -2*p - p + t + 38. What is the remainder when 21 is divided by p?
10
Let c = -28 + 50. Let t = 16 - 8. What is the remainder when c is divided by t?
6
Suppose 2*x + 26 = -0*x. Let t = x + 20. Let u(n) = -n**2 + 15*n - 17. What is the remainder when u(12) is divided